o). Let f be (9/2)/(6/(-8)). List the prime factors of q(f).
17
Suppose 5*l - 678 = 357. What are the prime factors of l?
3, 23
Suppose -13 - 114 = -n. List the prime factors of n.
127
Suppose 0*a + 17 = a. Suppose 2*p - 25 = a. Suppose 3*n + 72 = 5*g, -g + 4*n + p = -7. List the prime factors of g.
2, 3
Let c(f) be the third derivative of -1/120*f**6 + 1/15*f**5 + 3*f**2 - f**3 + 0 + 0*f + 5/24*f**4. List the prime factors of c(4).
2, 7
Suppose -3*g - 4*n + 23 = 0, -2*g = -4*g - 3*n + 16. List the prime factors of g.
5
Let t(u) = 2*u. Let f be t(-5). Let v = 0 - f. What are the prime factors of v?
2, 5
Suppose s - 4*s = -9. Suppose -p - 5 = 0, -5*p - 36 = -s*v + 2*v. What are the prime factors of v?
11
Let p(i) = -i + 12. What are the prime factors of p(-9)?
3, 7
Let w(r) be the first derivative of -r**2/2 + r + 2. Let s be w(-2). Suppose 4*n + h = 33, 1 - 4 = -s*h. What are the prime factors of n?
2
Let o = -18 + 35. Suppose o + 28 = 5*z. What are the prime factors of ((-3)/(-2))/(z/12)?
2
Let m(b) = b**3 - b. Let s(z) = 2*z**3 + 6*z**2 - 4*z - 8. Let h(v) = 3*m(v) - s(v). List the prime factors of h(6).
2, 7
Suppose -v = -2*v. Suppose -5*f + 3*x - 34 = v, f + 9 = -2*f - 2*x. Let c = 9 + f. List the prime factors of c.
2
Let h = -11 + 18. Suppose 3*d = 9 + 3. Suppose 13 = d*q - h. List the prime factors of q.
5
List the prime factors of 49/2*(5 - 3).
7
Let o = -39 - -70. Suppose -c + o = 3. List the prime factors of c.
2, 7
Suppose o - 2*o = -4*y + 334, 164 = 2*y + o. Let n = y - 55. What are the prime factors of n?
2, 7
Suppose -144 = -4*w - 3*g, -1 = w + 3*g - 28. List the prime factors of w.
3, 13
Let x(z) = 2*z + 3. Let h(o) = -5*o - 6. Let s(m) = -6*h(m) - 14*x(m). Let f be s(4). Suppose -5*g + 45 = -f*g. List the prime factors of g.
3, 5
Let b = -1 + 1. Let t = 0 - b. Suppose -3*u + 6 = -t*u. List the prime factors of u.
2
Suppose 2*i + i + 4*r = -51, 0 = 5*i + r + 68. Let b = i + 22. What are the prime factors of b?
3
Let i(p) be the first derivative of -12*p**2 - p + 3. List the prime factors of i(-1).
23
Let v(k) = -k**2 - k - 9. Let h = -8 - -8. Let j be v(h). List the prime factors of (j - -1)*(-6)/8.
2, 3
Suppose -188 = 3*y - 7*y. What are the prime factors of y?
47
Let j = -23 - -23. Suppose -3*u + 1 + 14 = j. List the prime factors of u.
5
Suppose 18*k = 17*k + 4. What are the prime factors of k?
2
Let u = 10 + 64. Suppose 52 = 2*r + 2*x, -4*r + u = x - 30. Suppose -7 = -3*n + r. List the prime factors of n.
11
Let a(j) = -3*j**3 - 4*j**2 + 9. List the prime factors of a(-4).
137
Suppose -o - 5*s = 19, -2*o - 5*s = 11 + 7. Let h = o + 9. List the prime factors of h.
2, 5
Suppose 688 = 2*g + 5*n, 0 = 4*g + n - 4*n - 1350. What are the prime factors of g?
3, 113
Suppose -4*t = t - 570. List the prime factors of t.
2, 3, 19
List the prime factors of 20/(-25) + 1644/5.
2, 41
Let n(q) = -q + 2. Let s be n(0). Let d(t) = -1 + s*t + 6*t + 0. What are the prime factors of d(1)?
7
Suppose -s = -0*s - 4*f + 6, -s + f = -6. What are the prime factors of s?
2, 5
Let k = 443 - 147. What are the prime factors of k?
2, 37
Suppose -477 = -5*o + 308. List the prime factors of o.
157
Suppose 34 = 3*r - 2*r. What are the prime factors of r?
2, 17
Suppose -2*j + 9 = j. Suppose 4*a = -4*g + 20, -1 = -2*a - j*g + 8. List the prime factors of a.
2, 3
Suppose -20 = -4*x + 8. Suppose 1 + x = 4*i. What are the prime factors of i?
2
Let k(d) = d + 49. What are the prime factors of k(-6)?
43
Let c(a) = -a**2 - 9*a - 2. Let i be c(-9). Let z(q) = 3*q**2 + q - 1. What are the prime factors of z(i)?
3
Let n = 4 + 13. What are the prime factors of n?
17
Let v(y) = 0 + 0*y**2 - 2 - y**2 - 2*y - y**3. What are the prime factors of v(-2)?
2, 3
Let x = -1 + -1. Let o(b) be the second derivative of b**4/12 - b**3/2 - b**2/2 - b. List the prime factors of o(x).
3
Let q(i) = i - 3. Let n be q(7). Suppose 6*x - 4*a = x + 120, -48 = -2*x + n*a. List the prime factors of x.
2, 3
Let b = -9 - -15. Let v(n) = n**3 - 4*n**2 - 4*n + 1. Let s be v(b). Suppose -4*o + 0*g + 5*g + s = 0, g - 35 = -2*o. List the prime factors of o.
2
Let p be ((-8)/10)/(2/(-5)). Let w(s) = s. Let v be w(p). List the prime factors of ((-3)/v)/(2/(-4)).
3
Let l(n) = 10*n - 7. Let v be l(6). Suppose -4*a - a + 189 = 4*s, -3*s - v = -a. Suppose -5*d + a = 1. What are the prime factors of d?
2
List the prime factors of 0 + 4/(-18) - 10142/(-198).
3, 17
Suppose -6 = 4*l - 38. Suppose u = -u + l. What are the prime factors of u?
2
Let q(w) = w**2 - w. Let u be q(1). Let i be (u + 1)/((-3)/(-6)). Suppose -3 = i*h - 17. What are the prime factors of h?
7
Suppose -5*w - 6*r + r + 175 = 0, 2*r = 8. List the prime factors of w.
31
Let v = 109 - -260. What are the prime factors of v?
3, 41
Suppose -u = -z + 5*z - 3, -5*z - 12 = -4*u. What are the prime factors of u?
3
Suppose 7*p - 115 - 1166 = 0. What are the prime factors of p?
3, 61
Let i(k) = -k**2 + 4. Let y be i(0). Suppose -144 = -8*f + y*f. List the prime factors of f.
2, 3
Let y = -12 + 14. Suppose 4 + 2 = y*l. What are the prime factors of l?
3
Let g(z) = -15*z + 5. What are the prime factors of g(-6)?
5, 19
Let c(v) = -v**3 - 6*v**2 - 8*v - 1. Let y be c(-6). Let f = y - 30. What are the prime factors of f?
17
What are the prime factors of ((-7)/(-2) - 11/22) + 106?
109
Let f(a) = -a**2 + 8*a - 5. Let u be f(7). Suppose 3*d = 17 - u. What are the prime factors of d?
5
Let t(f) = -f**2 + 3*f - 2. Let c be t(2). Let o be c*(15/(-6))/5. Suppose -3*g + 2*g + j + 13 = o, -2*j = 2*g - 10. What are the prime factors of g?
3
Let i(y) = 0*y - 10*y + 5 - 9*y**2 + 3 - 4*y**3 + 3*y**3. What are the prime factors of i(-8)?
2, 3
Let l(a) = 2*a**2 + a + 2. Let f be l(-2). Let g = 6 + -4. Suppose 0 = -i - 2*c + f, 7*i - g*c = 2*i + 64. List the prime factors of i.
2, 3
Suppose -8*d + 3*d + 445 = 0. Suppose 2*g + 3*r + 2 - d = 0, -r + 44 = g. List the prime factors of g.
3, 5
Suppose -5*d = 5 + 20. Let u = -2 + d. Let h = u + 9. What are the prime factors of h?
2
Suppose 3*k + k - 16 = 0. Suppose 2*l - k = -2*t, 20 = -0*t - 5*t. What are the prime factors of l?
2, 3
Let z(u) = u**2 - 11*u + 4. Let d be z(11). Suppose 3*b - 32 = -t, -d*t - 57 = -5*b + 19. What are the prime factors of b?
2, 3
Suppose 24 = 3*r - 27. Suppose 4*i + 15 = -r. List the prime factors of (-18)/i - (-1)/(-4).
2
Let h = -3 - -6. Suppose m - 5*u + 29 = h*m, 2*u = 2*m - 8. List the prime factors of m.
7
Let r(f) = -f**2 + 7*f + 6. Let c be r(8). Let w(b) = 6*b**2 + b + 1. List the prime factors of w(c).
23
Let g be 1 - (8/(-2))/2. Suppose p + g*p = 68. Let y = p - 7. What are the prime factors of y?
2, 5
Suppose -1586 = -10*c - 3*c. List the prime factors of c.
2, 61
Let x = -2 - -3. Let u = 1 + x. Suppose 5*y + 19 - 55 = -u*l, -3*y = -3*l - 9. List the prime factors of y.
2, 3
Let a(i) = -13*i - 1. Let p be 4/14 + (-27)/21. List the prime factors of a(p).
2, 3
Let s(u) = -4*u**2 + 6. Let j(i) = -8*i**2 + 11. Let k(c) = -6*j(c) + 11*s(c). Suppose 14 = -0*p + 7*p. What are the prime factors of k(p)?
2
Let q(i) = -4*i - 1. Let z be q(-1). List the prime factors of (-1 + 0)*(-2 - z).
5
Let r(c) = -16*c - 62. What are the prime factors of r(-16)?
2, 97
Let j = -213 - -369. List the prime factors of j.
2, 3, 13
Suppose -5*q + 0*q = -15. Let k(w) = w**2. What are the prime factors of k(q)?
3
Let k be 2/7 + 4/(-14). Let y(f) = -f**2 - f + 17. What are the prime factors of y(k)?
17
Suppose 3*i = 77 + 31. List the prime factors of i.
2, 3
Let h(w) = -w + 2. What are the prime factors of h(-3)?
5
Let w(v) = -v**2 + 11*v + 1. Let d be w(11). Suppose -3*b - q + 3 = 0, -5*q = -5*b + d + 4. What are the prime factors of ((-13)/4)/(b/(-4))?
13
Let s = -323 - -552. What are the prime factors of s?
229
Let o(m) be the first derivative of m**4/4 - 14*m**3/3 - 6*m**2 - 22*m - 7. What are the prime factors of o(15)?
23
Suppose 2*x + 2*x = 0. Let t(z) = -z**2 + z + 10. Let r be t(0). Suppose 5*h + x*c - r = -5*c, 5*h - 4*c = 55. What are the prime factors of h?
7
List the prime factors of 335/3 + (-20)/12 + 2.
2, 7
Let z(b) = -b - 1. Let j(v) = -3*v - 2. Let p(n) = -j(n) + 2*z(n). Let y be p(0). Suppose y = -2*f + 15 + 1. List the prime factors of f.
2
Suppose 0 = 4*f + 5 - 13. Suppose -f = c + 2. What are t